 + 16. Determine z(12).
-32
Let c(i) = i + 9. Give c(-9).
0
Let n(d) = d**3 + 5*d**2 + 2*d - 3. What is n(-3)?
9
Let x(d) = 15*d**2 - d + 1. What is x(1)?
15
Let h(q) = 7*q**2 - 73*q - 40. Give h(11).
4
Let u(o) = -o**3 - 6*o**2 - 5*o - 1. Determine u(-7).
83
Let m(f) = 2*f**2 - 19*f - 16. What is m(10)?
-6
Let c(z) = 30*z**3 + z**2 - 2. Determine c(-1).
-31
Let i(m) = m**2 - 3*m + 5. What is i(2)?
3
Let l(n) = -n**3 + 28*n**2 - 57*n + 7. Give l(2).
-3
Let d(c) = -6*c - 100. What is d(-12)?
-28
Let l(a) = -a**3 + 7*a**2 + a - 7. Give l(7).
0
Let m(y) = y**3 - 11*y**2 - 3*y + 38. Give m(11).
5
Let u(l) = 2*l**2 + l - 76. What is u(6)?
2
Let h(p) = -p**3 + 2*p**2 + p + 33. Determine h(0).
33
Let o(h) = -14*h - 668. Give o(-48).
4
Let a(y) = -4*y + 6. Give a(6).
-18
Let d(i) = -i**3 + 3*i**2 + 13*i - 4. What is d(5)?
11
Let o(b) = b + 74. Calculate o(-62).
12
Let n(a) = a**3 + 5*a**2 - 5*a + 4. Determine n(-6).
-2
Let i(z) = z**2 + z + 5. Give i(3).
17
Let s(c) = 7*c**2 - 32*c + 10. Determine s(4).
-6
Let b(d) = d**2 - 17*d + 34. Give b(10).
-36
Let j(u) = u**3 + 8*u**2 + 9*u - 25. Give j(-6).
-7
Let n(p) = -p**3 + p**2 - 49. What is n(0)?
-49
Let p(x) = 15*x + 2. What is p(1)?
17
Let v(c) = c**3 + 3*c**2 - 5*c + 3. What is v(3)?
42
Let m(i) = -29*i**3 + 3*i**2 - 2. What is m(1)?
-28
Let n(u) = 44*u + 16. What is n(-2)?
-72
Let q(d) = -d**3 - 10*d**2 + 97*d - 1. Determine q(6).
5
Let x(y) = y - 11. Calculate x(6).
-5
Let z(g) = -g**2 - 14*g + 17. Determine z(-9).
62
Let d(v) = 3*v + 29. What is d(-9)?
2
Let y(g) = -g**3 - 12*g**2 + 12*g - 2. Give y(-13).
11
Let x(c) = -c**3 - 15*c**2 - 14*c - 18. Calculate x(-14).
-18
Let c(f) = f**3 - 3*f**2 + 4*f - 7. Give c(4).
25
Let w(c) = c**2 + 3*c - 19. Calculate w(-6).
-1
Let f(y) = y**2 + 17*y - 121. What is f(-22)?
-11
Let u(n) = 24*n**2 - 3*n + 2. Give u(1).
23
Let v(r) = 19*r - 588. What is v(31)?
1
Let t(y) = -16*y + 2. Determine t(-2).
34
Let v(d) = 7*d - 4. What is v(-1)?
-11
Let k(i) = -i**2 - 11*i + 8. Determine k(-11).
8
Let d(g) = g**2 + 11*g - 5. Give d(-8).
-29
Let q(v) = v**3 - 13*v**2 + 4*v - 36. Give q(13).
16
Let k(f) = f**3 + 11*f**2 + 22*f + 17. What is k(-9)?
-19
Let f(n) = 76*n**2 + 2*n - 1. Calculate f(1).
77
Let a(l) = 10*l. Determine a(-1).
-10
Let x(f) = -2*f + 11. Give x(9).
-7
Let j(a) = -8*a + 20. Give j(-3).
44
Let d(q) = q**3 + 5*q**2 - 15*q - 51. Give d(-6).
3
Let j(d) = -d**3 + 24*d**2 + 25*d + 1. Determine j(25).
1
Let b(g) = g - 6. Give b(13).
7
Let o(n) = -12*n - 110. What is o(-9)?
-2
Let t(s) = s**3 - s**2 + 4*s + 5. Determine t(0).
5
Let p(w) = w**2 - 24*w - 44. Give p(25).
-19
Let r(s) = -2*s**3 - s - 1. What is r(-1)?
2
Let h(d) = d**2 + 5*d - 10. Calculate h(-8).
14
Let h(x) = x**2 - 4*x - 4. What is h(6)?
8
Let i(d) = -2*d - 52. Calculate i(-26).
0
Let w(q) = -q**3 - 37*q**2 + 40*q + 69. Give w(-38).
-7
Let w(b) = b**3 - 10*b**2 - 39*b - 6. Determine w(13).
-6
Let w(j) = -39*j**3 + j - 1. Give w(1).
-39
Let l(q) = -q**2 + 5*q - 1. What is l(4)?
3
Let d(w) = -4*w + 11. Give d(-5).
31
Let l(q) = -10*q - 78. Give l(-8).
2
Let k(o) = 5*o**2 + 71*o + 9. Calculate k(-14).
-5
Let w(t) = -t**3 - 29*t**2 + 59*t - 99. Determine w(-31).
-6
Let o(c) = c**2 + 5*c - 6. Determine o(-6).
0
Let b(a) = -a**3 - 10*a**2 + 10*a - 22. Determine b(-11).
-11
Let i(b) = 2*b**3 + 2*b**2 + b + 2. Calculate i(-2).
-8
Let z(g) = 9*g**3 - g**2 - 3*g - 2. Calculate z(-1).
-9
Let t(u) = u + 9. What is t(11)?
20
Let u(p) = -2*p**2 + p - 2. Give u(2).
-8
Let r(s) = -2*s - 1. Give r(4).
-9
Let l(j) = -j**3 + 7*j**2 + 10*j - 75. Determine l(7).
-5
Let v(k) = 6*k - 6. Give v(4).
18
Let o(g) = g**2 + 2*g - 1. What is o(-3)?
2
Let b(x) = x - 18. Calculate b(-3).
-21
Let o(u) = 4*u - 2. Determine o(7).
26
Let b(j) = -j**2 - 5*j - 5. Determine b(-5).
-5
Let i(d) = -d**2 + 2*d + 5. Give i(5).
-10
Let r(c) = 10*c + 12. Give r(-2).
-8
Let d(b) = 3*b + 112. Calculate d(-40).
-8
Let h(z) = -z**3 + 4*z**2 - 2. What is h(3)?
7
Let d(y) = 7*y. What is d(7)?
49
Let b(w) = -11*w - 188. Determine b(-16).
-12
Let n(x) = -x**2 + 17*x + 6. Calculate n(16).
22
Let w(p) = -p**3 + 11*p**2 - 9*p + 9. Calculate w(10).
19
Let v(g) = g**2 - 14*g + 15. Calculate v(11).
-18
Let n(h) = -h**2 + 23*h + 105. Calculate n(27).
-3
Let j(c) = c**2 + 15*c + 52. Calculate j(-9).
-2
Let w(o) = 159*o - 483. Give w(3).
-6
Let b(f) = -2*f + 31. What is b(-13)?
57
Let b(u) = -u**3 - 9*u**2 - 10*u - 3. What is b(-6)?
-51
Let m(a) = -a**3 - 5*a**2 - 4*a - 2. What is m(-3)?
-8
Let k(l) = 5*l**2 - 25*l - 26. What is k(-1)?
4
Let r(h) = -15*h - 3. What is r(-2)?
27
Let v(k) = k**3 - 4*k**2 - 7*k - 3. Give v(5).
-13
Let z(i) = 2*i**2 - 33*i - 3. Calculate z(17).
14
Let z(u) = -2*u - 14. Determine z(-1).
-12
Let l(o) = 2*o**2 + 5*o - 1. Calculate l(-4).
11
Let z(p) = -p**3 + 14*p**2 + 12*p + 52. Calculate z(15).
7
Let v(n) = n**2 + 11*n - 18. Determine v(-8).
-42
Let j(d) = d**2 + 3*d + 1. Calculate j(-7).
29
Let i(p) = -p + 18. Calculate i(10).
8
Let q(w) = w**3 + 7*w**2 + 8*w + 4. What is q(-7)?
-52
Let a(k) = k**2 + 13*k - 2. Determine a(-6).
-44
Let n(c) = -3*c - 2. What is n(6)?
-20
Let q(i) = 8*i**2 + 2*i - 2. What is q(-3)?
64
Let q(h) = -14*h - 45. Determine q(-3).
-3
Let p(o) = -2*o**2 - 4*o + 2. Determine p(-5).
-28
Let y(g) = g**3 - g**2 + g + 2. Determine y(2).
8
Let f(z) = 3*z + 4. Give f(-2).
-2
Let l(o) = -2*o - 15. What is l(-17)?
19
Let p(n) = 3*n + 19. Calculate p(8).
43
Let d(h) = -h**2 - 2*h + 12. What is d(-5)?
-3
Let b(h) = -h**3 - h**2 + 19*h + 16. Give b(-6).
82
Let j(q) = -6*q - 52. Determine j(0).
-52
Let n(k) = -k**2 + 4*k - 1. What is n(1)?
2
Let u(n) = -n**3 - 24*n**2 + 79*n - 53. Give u(-27).
1
Let h(w) = -w**3 + 18*w**2 - 2*w + 58. What is h(18)?
22
Let g(j) = -j**3 + 23*j**2 - 76*j + 4. Give g(19).
4
Let z(g) = -5*g + 65. Calculate z(15).
-10
Let x(i) = -18*i - 22. Determine x(-2).
14
Let j(w) = w**2 + 1. Calculate j(3).
10
Let n(z) = 2*z**3 - 23*z**2 + 18*z + 3. Calculate n(11).
80
Let g(q) = q**3 + 2*q**2 - q - 2. Calculate g(2).
12
Let m(l) = 2*l**2 - 42*l + 205. Determine m(8).
-3
Let s(y) = -y**3 + 9*y**2 + 3*y - 35. What is s(8)?
53
Let l(o) = o**3 + 9*o**2 + 18*o + 1. What is l(-6)?
1
Let o(g) = g**3 - 9*g**2 - g - 12. Calculate o(9).
-21
Let c(t) = t - 11. What is c(5)?
-6
Let u(c) = c + 12. Determine u(-8).
4
Let l(p) = 60*p + 54. Calculate l(-1).
-6
Let r(j) = -11*j + 47. Determine r(2).
25
Let b(c) = 25*c**2 + c. Give b(1).
26
Let i(b) = 5*b + 6. Determine i(2).
16
Let x(r) = r**2 - 8*r + 3. Determine x(5).
-12
Let b(y) = -y**3 + 7*y**2 - 9*y + 16. What is b(6)?
-2
Let m(f) = 2*f + 8. What is m(13)?
34
Let d(z) = -z**2 - 2*z + 7. Give d(6).
-41
Let f(n) = -2*n**3 + 2*n + 1. What is f(2)?
-11
Let p(t) = -59*t**3 - t. Calculate p(1).
-60
Let a(q) = -2*q**2 + 5*q + 1. What is a(-1)?
-6
Let w(m) = m**3 + 6*m**2 + 10*m + 9. What is w(-6)?
-51
Let m(o) = -o**3 - 4*o**2 - 2*o - 3. Give m(-3).
-6
Let y(l) = -41*l**3 - l**2 - 3*l - 1. What is y(-1)?
42
Let p(n) = n**3 - 5*n**2 - 5*n. Determine p(6).
6
Let y(l) = 9*l - 14. Determine y(2).
4
Let j(g) = g - 2. Calculate j(1).
-1
Let b(i) = i**2 + 28*i + 46. What is b(-19)?
-125
Let i(k) = k**2 + 4*k - 17. What is i(-7)?
4
Let m(u) = -u**2 - 2*u + 36. Calculate m(-8).
-12
Let k(h) = 19*h**3. Give k(-1).
-19
Let i(p) = -11*p - 9. What is i(-5)?
46
Let g(y) = -75*y**2 - 4*y - 4. What is g(-1)?
-75
Let q(c) = c**3 - 13*c**2 + 2*c - 17. Determine q(13).
9
Let g(d) = -d**2 + 14*d - 5. Calculate g(9).
40
Let b(g) = -2*g**2 - 2*g + 6. Determine b(7).
-106
Let w(r) = -r**3 - 2*r**2 - 2*r + 2. What is w(0)?
2
Let l(q) = -4*q + 2. Determine l(-11).
46
Let y(b) = 3*b**2 + 21*b + 7. Give y(-7).
7
Let g(a) = 6*a**3 - 2*a**2 + 1. Calculate g(1).
5
Let i(d) = -28*d + 22. Determine i(5).
-118
Let h(r) = -r**3 + 16*r**2 - 38*r - 18. Calculate h(13).
-5
Let p(n) = n**3 - 9*n**2 + 10*n - 7. Calculate p(8).
9
Let w(s) = 2*s**2 + 3*s - 83. Calculate w(-7).
-6
Let l(f) = 26*f + 23. Give l(-5).
-107
Let n(a) = -3*a**3 + 29*a**2 - 21*a + 28. What is n(9)?
1
Let y(h) = -6*h - 233. What is y(0)?
-233
Let w(g) = g**3 + 59*g**2 + 54*g - 222. Give w(-58).
10
Let c(f) = -43*f**3 - 4*f + 4. What is c(1)?
-43
Let a(t) = -t**2 + 13*t + 30. Give a(14).
16
Let z(u) = -u**3 - 11*u**2 + 13*u - 16. G